ided by 47?
17
What is the remainder when 19 is divided by 11?
8
Calculate the remainder when 286 is divided by 6.
4
Calculate the remainder when 70321 is divided by 11.
9
What is the remainder when 522 is divided by 67?
53
Calculate the remainder when 484 is divided by 44.
0
Calculate the remainder when 223 is divided by 16.
15
Calculate the remainder when 5107 is divided by 14.
11
Calculate the remainder when 312 is divided by 45.
42
What is the remainder when 211 is divided by 51?
7
Calculate the remainder when 4162 is divided by 119.
116
Calculate the remainder when 37545 is divided by 298.
295
Calculate the remainder when 389 is divided by 39.
38
What is the remainder when 132 is divided by 34?
30
Calculate the remainder when 86 is divided by 39.
8
What is the remainder when 382 is divided by 38?
2
Calculate the remainder when 453 is divided by 29.
18
Calculate the remainder when 7444 is divided by 23.
15
What is the remainder when 126 is divided by 36?
18
What is the remainder when 781 is divided by 90?
61
Calculate the remainder when 18078 is divided by 107.
102
Calculate the remainder when 771 is divided by 237.
60
What is the remainder when 209 is divided by 81?
47
What is the remainder when 64 is divided by 2?
0
Calculate the remainder when 50438 is divided by 51.
50
What is the remainder when 132 is divided by 15?
12
Calculate the remainder when 330 is divided by 32.
10
Calculate the remainder when 339 is divided by 19.
16
Calculate the remainder when 7254 is divided by 345.
9
Calculate the remainder when 241 is divided by 98.
45
What is the remainder when 1682 is divided by 4?
2
Calculate the remainder when 129 is divided by 26.
25
What is the remainder when 462 is divided by 67?
60
What is the remainder when 94 is divided by 30?
4
Calculate the remainder when 21 is divided by 9.
3
What is the remainder when 76 is divided by 18?
4
What is the remainder when 296 is divided by 125?
46
Calculate the remainder when 273 is divided by 141.
132
What is the remainder when 538 is divided by 9?
7
Calculate the remainder when 510 is divided by 108.
78
Calculate the remainder when 1428 is divided by 11.
9
What is the remainder when 2035 is divided by 296?
259
What is the remainder when 50083 is divided by 315?
313
Calculate the remainder when 14388 is divided by 39.
36
What is the remainder when 260 is divided by 31?
12
Calculate the remainder when 2949 is divided by 9.
6
Calculate the remainder when 3545 is divided by 1176.
17
What is the remainder when 139 is divided by 13?
9
What is the remainder when 545 is divided by 127?
37
Calculate the remainder when 286 is divided by 43.
28
What is the remainder when 96 is divided by 25?
21
Calculate the remainder when 14356 is divided by 86.
80
Calculate the remainder when 4516 is divided by 73.
63
What is the remainder when 983 is divided by 22?
15
What is the remainder when 140 is divided by 31?
16
What is the remainder when 144 is divided by 75?
69
What is the remainder when 124 is divided by 71?
53
What is the remainder when 653 is divided by 161?
9
What is the remainder when 1193 is divided by 99?
5
What is the remainder when 47879 is divided by 84?
83
What is the remainder when 551 is divided by 239?
73
What is the remainder when 84 is divided by 45?
39
Calculate the remainder when 155 is divided by 80.
75
What is the remainder when 144 is divided by 46?
6
Calculate the remainder when 101 is divided by 16.
5
Calculate the remainder when 241 is divided by 84.
73
Calculate the remainder when 4023 is divided by 122.
119
Calculate the remainder when 50 is divided by 20.
10
What is the remainder when 262 is divided by 92?
78
What is the remainder when 5696 is divided by 190?
186
Calculate the remainder when 11 is divided by 8.
3
Calculate the remainder when 96 is divided by 17.
11
Calculate the remainder when 2580 is divided by 23.
4
Calculate the remainder when 113 is divided by 103.
10
What is the remainder when 55 is divided by 47?
8
Calculate the remainder when 166 is divided by 75.
16
What is the remainder when 1457 is divided by 32?
17
What is the remainder when 1817 is divided by 35?
32
What is the remainder when 196 is divided by 42?
28
What is the remainder when 1246 is divided by 407?
25
Calculate the remainder when 629 is divided by 622.
7
What is the remainder when 172 is divided by 25?
22
What is the remainder when 458 is divided by 74?
14
Calculate the remainder when 175 is divided by 34.
5
What is the remainder when 154 is divided by 11?
0
Calculate the remainder when 302 is divided by 82.
56
What is the remainder when 175 is divided by 26?
19
Calculate the remainder when 529 is divided by 59.
57
What is the remainder when 2279 is divided by 750?
29
What is the remainder when 12411 is divided by 58?
57
Calculate the remainder when 189 is divided by 169.
20
What is the remainder when 61 is divided by 22?
17
What is the remainder when 7563 is divided by 1888?
11
Calculate the remainder when 212 is divided by 72.
68
What is the remainder when 406 is divided by 4?
2
What is the remainder when 166 is divided by 145?
21
Calculate the remainder when 424 is divided by 6.
4
Calculate the remainder when 22014 is divided by 179.
176
Calculate the remainder when 580 is divided by 27.
13
Calculate the remainder when 125 is divided by 81.
44
What is the remainder when 470 is divided by 117?
2
Calculate the remainder when 233 is divided by 48.
41
Calculate the remainder when 7155 is divided by 52.
31
Calculate the remainder when 62 is divided by 8.
6
Calculate the remainder when 60002 is divided by 28.
26
Calculate the remainder when 171 is divided by 5.
1
Calculate the remainder when 585 is divided by 4.
1
What is the remainder when 583 is divided by 8?
7
What is the remainder when 732 is divided by 109?
78
What is the remainder when 336 is divided by 167?
2
What is the remainder when 516 is divided by 51?
6
Calculate the remainder when 375 is divided by 32.
23
Calculate the remainder when 712 is divided by 355.
2
What is the remainder when 187 is divided by 20?
7
What is the remainder when 42622 is divided by 55?
52
Calculate the remainder when 1310 is divided by 217.
8
What is the remainder when 2178 is divided by 41?
5
Calculate the remainder when 525 is divided by 476.
49
Calculate the remainder when 11 is divided by 6.
5
What is the remainder when 249 is divided by 5?
4
What is the remainder when 213 is divided by 22?
15
What is the remainder when 330 is divided by 105?
15
Calculate the remainder when 564 is divided by 59.
33
What is the remainder when 411 is divided by 8?
3
What is the remainder when 799 is divided by 102?
85
Calculate the remainder when 630 is divided by 98.
42
Calculate the remainder when 264 is divided by 32.
8
Calculate the remainder when 370 is divided by 369.
1
What is the remainder when 423 is divided by 10?
3
What is the remainder when 213 is divided by 31?
27
What is the remainder when 294 is divided by 89?
27
Calculate the remainder when 55 is divided by 32.
23
What is the remainder when 1913 is divided by 316?
17
What is the remainder when 1328 is divided by 19?
17
What is the remainder when 244 is divided by 141?
103
What is the remainder when 209 is divided by 55?
44
Calculate the remainder when 405 is divided by 29.
28
What is the remainder when 283 is divided by 97?
89
Calculate the remainder when 50 is divided by 19.
12
What is the remainder when 470 is divided by 434?
36
Calculate the remainder when 174 is divided by 94.
80
Calculate the remainder when 208 is divided by 64.
16
Calculate the remainder when 895 is divided by 14.
13
Calculate the remainder when 169 is divided by 52.
13
What is the remainder when 186 is divided by 92?
2
What is the remainder when 484 is divided by 35?
29
Calculate the remainder when 2466 is divided by 492.
6
What is the remainder when 292 is divided by 27?
22
Calculate the remainder when 1869 is divided by 223.
85
What is the remainder when 167 is divided by 58?
51
What is the remainder when 107 is divided by 16?
11
What is the remainder when 520 is divided by 67?
51
What is the remainder when 184 is divided by 29?
10
Calculate the remainder when 1747 is divided by 19.
18
What is the remainder when 350 is divided by 106?
32
